digit of 17110/(-6)*(62 - 74)?
2
Suppose -112 = -4*b + 216. Suppose -5*v = -5*g - 1800, 270 = v - 5*g - b. What is the hundreds digit of v?
3
Let b = -65 - 4. Let r = -33 - b. Suppose 9*c + r = 10*c. What is the units digit of c?
6
Let m(b) be the first derivative of -40*b - 29 - 23/2*b**2 + 19/3*b**3 - 1/4*b**4. What is the hundreds digit of m(17)?
1
Let a = -6137 - -11257. Suppose -a = -11*u - 533. Let o = u + -129. What is the units digit of o?
8
Let z(g) be the third derivative of 31*g**4/24 + 58*g**3/3 + 2*g**2 + 4*g. What is the hundreds digit of z(17)?
6
Let v(z) = 4*z**2 + 4*z + 49. Let h = 248 - 261. What is the tens digit of v(h)?
7
Suppose 12385 = -98*d + 1605. Let y be (-654)/(-14) + 6/21. Let m = y - d. What is the tens digit of m?
5
Let x = 118839 - 83706. What is the thousands digit of x?
5
Suppose 5*f - 10 = 0, -2*f + 4*f = 5*l - 1. What is the hundreds digit of 8*-1*(-34)/l?
2
Suppose -186*q + 182*q + 24 = 0. Suppose -2033 = -q*h + 277. What is the units digit of h?
5
Let f = 16 + 31. Suppose 40*y = f*y - 3528. What is the units digit of y?
4
Suppose f = -4*d + 362, -2*d + 3 = 7. Let w = 640 - f. What is the units digit of w?
0
Let v(u) = u**2 - 10*u - 24. Let f be v(12). Suppose f = -s - 3*x + 214, 2*s + 29*x - 418 = 33*x. What is the units digit of s?
1
Suppose -4*y + 6*y = 0. Let f be y/4 + 3 - 2. What is the tens digit of 55*f - 4/4?
5
Suppose -c + 1809 = -3*j, 0 = -33*c + 32*c. Let g = j - -1412. What is the hundreds digit of g?
8
Suppose 0*k - 363 = -11*k. Suppose 1892 = k*a - 26191. What is the hundreds digit of a?
8
Let l be 1 + (-30)/5 + 10 + (-9)/9. Let b(p) be the third derivative of p**5/30 + p**4/12 + 13*p**3/6 + p**2. What is the units digit of b(l)?
3
Let y = -579 - -576. Let p be ((-116)/6)/(4/(-12)). What is the units digit of y/(-6)*2 + p?
9
Let c(z) = 1545*z - 1051. What is the hundreds digit of c(3)?
5
Let q = 67673 - -8990. What is the thousands digit of q?
6
Let a(f) be the first derivative of -33*f**2 - 44*f - 58. What is the units digit of a(-6)?
2
What is the hundreds digit of 90644 + 45*76/171?
6
Suppose 5*o - 4*x - 1169 = 0, 317 = 4*o + 5*x - 651. Let r = o - -179. What is the tens digit of r?
1
Suppose 3*f + 14 + 67 = 0. Let m be (-4)/18 + (-1140)/f. Suppose 4*y + y - 25 = 0, m = 2*h + 4*y. What is the tens digit of h?
1
Let y be (-2)/(-1)*(-8)/16. Let u be (((-44)/(-8))/y + 3)*2. Let o(k) = -k**3 - 4*k**2 + 12. What is the tens digit of o(u)?
3
Let z = 95 + -90. Let r be 1*(168 - (z - 2)). Suppose 0 = 5*k + 6*k - r. What is the tens digit of k?
1
Suppose -4*w + h = -783, -3*h + 801 = 4*w + 30. Let b be (19 + -16)/((-6)/212). Let v = w + b. What is the units digit of v?
9
Let a(p) = p + 5. Let x be a(-5). Suppose -7 = -y - x. Suppose -y*d = -0*d - 560. What is the units digit of d?
0
Let o be (2/3)/1*(117 + -111). Suppose 0*m = -o*m - 4*p + 1672, p - 1687 = -4*m. What is the tens digit of m?
2
Let r = -47715 + 99694. What is the units digit of r?
9
Let g be 20/(-170) + (-4968)/(-34). Suppose g + 839 = 5*f. What is the hundreds digit of f?
1
Suppose -n - 19*n + 151545 = 35705. What is the thousands digit of n?
5
Suppose -m - 18 = 2*y - 1, y = -2*m - 19. Let d = 1777 - 1671. Let b = d - m. What is the tens digit of b?
1
Let n(d) = -d**2 - 9*d - 4. Let i be n(-5). What is the tens digit of 2078/16 + ((-6)/i)/(-3)?
3
Let l be (24190/(-8))/5 - (-12)/16. Let t = l + 1094. What is the units digit of t?
0
Let n = 1252 - -1091. What is the units digit of n?
3
Let z(y) = 5757*y**2 + 82*y + 166. What is the ten thousands digit of z(-2)?
2
Let n = 70 + -43. Suppose 19 = -2*i + n. What is the units digit of 11/(-44) - i/(16/(-885))?
1
Let r(n) = -n**3 - 2*n**2 + 13*n + 30. Let m be r(-6). Suppose -94*k + m*k - 2664 = 0. What is the units digit of k?
2
Suppose 0 = -2*i + s + 7, -4 = 5*i + 4*s - 54. Let t be 5/(-2*2/44). What is the units digit of 66/t*(-880)/i?
6
Let p = 382 + -75. Let l = p + -169. What is the hundreds digit of l?
1
Suppose 4 = 2*m, 5*k + m - 94508 + 11051 = 0. What is the thousands digit of k?
6
Suppose 8 = -2*h, 2*j - 2*h - 684 = h. Suppose 85*g - 1 = -77*g - 1. Suppose g = u + 2*u - j. What is the hundreds digit of u?
1
Let h be 0 + (-82)/3*3/2. Let o = h + 66. What is the units digit of ((-680)/o)/((-4)/10)?
8
Let w(j) = 3*j - 6. Let u be w(-9). Let n = -3 - u. Suppose -4*d + n = 3*k, -16 = 4*d - 4. What is the tens digit of k?
1
Suppose -42*n + 641625 = 45*n. What is the hundreds digit of n?
3
Let g = -1619 - -2377. Suppose 5*h + g = 1008. What is the tens digit of h?
5
Let u = 121 + -67. Let o(b) = -b**3 - b**2 - b + 3. Let s be o(0). What is the tens digit of u - (1 + (s - 3))?
5
Let w = -12 - -23. Let j(l) = -6929 + 13878 + 2*l - 6935 + l**3 - 11*l**2. What is the units digit of j(w)?
6
Let z(s) = -3*s + 2. Let n be z(-4). Let o(c) = -14*c - n*c - 11 + 6 + 3*c. What is the tens digit of o(-1)?
2
Let a(h) = 5*h**2 + 9*h - 30 - h**2 + 2. What is the hundreds digit of a(-9)?
2
Let u = 2959 - 1895. What is the units digit of u?
4
Let g(m) = 2*m**3. Let l be g(1). Let r(w) be the third derivative of 73*w**4/12 - w**2 - 737. What is the units digit of r(l)?
2
Let c = 6792 - -24667. What is the hundreds digit of c?
4
Suppose -q + 5*r = 2*r - 2000, -6*q + 12000 = -2*r. What is the tens digit of q?
0
Let k(f) = 88*f**2 - 390*f + 16. What is the thousands digit of k(12)?
8
Let r = -285 + 203. Let y = -82 - r. Suppose y = 2*m - 40 - 120. What is the units digit of m?
0
Suppose 0*a - 5*d = 7*a - 60630, 2*a = -2*d + 17324. What is the hundreds digit of a?
6
Let z(n) = -2*n**3 - 2*n - 7. Let o be z(-3). Let a = o + -33. What is the units digit of 50/a*4/10?
1
Let s(n) = 5*n - 34. Let g be s(8). Suppose -f + 4 = m, m + 2*m = 3*f + g. Let h(q) = 102*q**2 - 6*q + 6. What is the units digit of h(f)?
2
Let i(t) = -17*t + 1. Let a be i(-3). Suppose 5*k - 2 = -a. Let w(z) = z**3 + 11*z**2 + 6*z + 5. What is the tens digit of w(k)?
4
Suppose 0 = -66*o + 61*o - 2*d + 64274, 4*o = -2*d + 51420. What is the ten thousands digit of o?
1
Suppose 0 = -4*t + 2*h - 198 - 6550, 6734 = -4*t - 5*h. Let j = t + 2991. What is the thousands digit of j?
1
Suppose 0*o - 8*o + 2152 = 0. Let p = o + -165. What is the hundreds digit of p?
1
Suppose -7*d + 5*d - f = -4132, d + 5*f = 2084. What is the thousands digit of d?
2
Suppose -4*r = -r + 12, 4*b + r = 184. Let w = 5 + -2. Suppose -w*f = -71 + b. What is the units digit of f?
8
Let w(l) = l**2 - 7*l + 2. Let i be w(7). Suppose -z = -i*d + 18 - 6, 3*d = 4*z + 28. What is the units digit of d - ((-23 - -3) + 0)?
4
Let m = -2825 - -4722. Suppose -5*p + 12*p = m. What is the tens digit of p?
7
Suppose -9*m - 75301 = -247759. What is the units digit of m?
2
Let t(r) = 14*r - 43. Let k(q) = q. Let d(s) = -k(s) + t(s). Let y be d(9). Suppose 71*g + 120 = y*g. What is the units digit of g?
0
Let h = 5380 - 3942. What is the tens digit of h?
3
Suppose -b + 6 = 0, -g = 3*b - 117667 + 47574. What is the tens digit of g?
7
Suppose 27*q - 6739 = 22205. What is the hundreds digit of q?
0
Let x(n) = 60*n + 29*n - 20*n + 347*n - 23. What is the units digit of x(2)?
9
Suppose -5 = -6*n + 31. Suppose -21 + 159 = n*v. Suppose -22 = -a + j, j = -a + v + 7. What is the tens digit of a?
2
Suppose -4*r + 4347 + 16273 = 0. What is the tens digit of r?
5
Let f(x) = 27*x - 51. Let d be f(15). Suppose -8*m + 90 = d. What is the units digit of (39 - -1)*-1*m/22?
0
Let m(h) = -75*h**3 + h - 2. Let x be m(-2). Let c = -264 + x. What is the units digit of c?
2
Let g = 4535 + -2702. What is the hundreds digit of g?
8
Suppose 4*q = -3*q - 70. Let h be q/3 - 26/39. What is the units digit of h/(-22) - (-7350)/110?
7
What is the tens digit of ((-4)/(-2))/(72/631008)?
2
Suppose 5*r + 4*p + 45 = 0, 20 = -2*p - 2*p. What is the tens digit of (-1230)/(3 + -8) + r?
4
Let u be (-2)/(-7) - (-1191)/(-63)*-3. Suppose -t = 59 - u. What is the tens digit of 3 - (-4 - (249 + (-2)/t))?
5
Let c = -4711 + 5094. What is the hundreds digit of c?
3
Suppose 112 = -2*u - p, -3*p - 66 = 4*u - 3*u. Let i(y) = y**2 - y - 68. Let k be i(0). Let r = u - k. What is the tens digit of r?
1
Let g(d) = 376*d - 20. Let y be g(1). Suppose 0 = -2*i + 472 + y. What is the tens digit of i?
1
Let h(j) = j**2 - 3*j - 11. Let l be h(-6). Let